{"id":1934,"date":"2025-10-16T18:10:18","date_gmt":"2025-10-16T16:10:18","guid":{"rendered":"https:\/\/rejsysmierci1945.eu\/?page_id=1934"},"modified":"2025-10-16T18:11:35","modified_gmt":"2025-10-16T16:11:35","slug":"mikoszewo","status":"publish","type":"page","link":"https:\/\/rejsysmierci1945.eu\/index.php\/mikoszewo\/","title":{"rendered":"Mikoszewo"},"content":{"rendered":"\t\t<div data-elementor-type=\"wp-page\" data-elementor-id=\"1934\" class=\"elementor elementor-1934\">\n\t\t\t\t<div class=\"elementor-element elementor-element-dd57e1d e-flex e-con-boxed wpr-particle-no wpr-jarallax-no wpr-parallax-no wpr-sticky-section-no e-con e-parent\" data-id=\"dd57e1d\" data-element_type=\"container\" data-settings=\"{&quot;background_background&quot;:&quot;classic&quot;}\">\n\t\t\t\t\t<div class=\"e-con-inner\">\n\t\t\t\t<div class=\"elementor-element elementor-element-af68a4a elementor-widget elementor-widget-heading\" data-id=\"af68a4a\" data-element_type=\"widget\" data-widget_type=\"heading.default\">\n\t\t\t\t\t<h2 class=\"elementor-heading-title elementor-size-default\">MIKOSZEWO<\/h2>\t\t\t\t<\/div>\n\t\t\t\t\t<\/div>\n\t\t\t\t<\/div>\n\t\t<div class=\"elementor-element elementor-element-35a6da3 e-grid e-con-boxed wpr-particle-no wpr-jarallax-no wpr-parallax-no wpr-sticky-section-no e-con e-parent\" data-id=\"35a6da3\" data-element_type=\"container\">\n\t\t\t\t\t<div class=\"e-con-inner\">\n\t\t\t\t<div class=\"elementor-element elementor-element-d453ed2 elementor-widget elementor-widget-text-editor\" data-id=\"d453ed2\" data-element_type=\"widget\" data-widget_type=\"text-editor.default\">\n\t\t\t\t\t\t\t\t\t<p><span style=\"font-weight: 400;\">Po wyprowadzeniu z obozu g\u0142\u00f3wnego KL Stutthof ok. 11 000 wi\u0119\u017ani\u00f3w: m\u0119\u017cczyzn i kobiet w dniach 25 i 26 stycznia 1945 r., kt\u00f3rych ewakuowano pieszo w kierunku L\u0119borka, wiosn\u0105 1945 roku w obozie przebywaj\u0105 jeszcze wi\u0119\u017aniowie w liczbie 4,5 tys os\u00f3b.\u00a0 Pe\u0142ni\u0105cy obowi\u0105zki komendanta SS-Hauptsturmf\u00fchrer Paul Ehle zorganizowa\u0142 ewakuacj\u0119 pozosta\u0142ych przy \u017cyciu wi\u0119\u017ani\u00f3w w dniach 25 i 27 kwietnia 1945 r.\u00a0 Na miejsce tranzytu wyznaczaj\u0105 polan\u0119 w Mikoszewie (niemieckie Nickelswalde).\u00a0 25 kwietnia do Mikoszewa przybywa pierwsza grupa wi\u0119\u017ani\u00f3w, 27 kwietnia kolejna,<\/span> <span style=\"font-weight: 400;\">tego dnia do Mikoszewa przetransportowano r\u00f3wnie\u017c grup\u0119 1060 chorych r\u00f3\u017cnej narodowo\u015bci. Na polanie pijani esesmani rozstrzelali kilkadziesi\u0105t\u00a0\u2013 wed\u0142ug relacji \u015bwiadk\u00f3w ok. 70\u00a0\u2013os\u0142abionych os\u00f3b. Wiadomo te\u017c, \u017ce w tym dniu Niemcy zastrzelili w leju po bombie ok. 40 \u017cydowskich kobiet). Pierwszy transport sk\u0142ada\u0142 si\u0119\u00a0 z ok. 3 300 wi\u0119\u017ani\u00f3w r\u00f3\u017cnych narodowo\u015bci: m\u0119\u017cczyzn, kobiet, niepe\u0142noletnich i 30 niemowl\u0105t\u00a0 z matkami, drugi z 1060 wi\u0119\u017ani\u00f3w, w wi\u0119kszo\u015bci chorych na tyfus plamisty i inne schorzenia przebywaj\u0105cych dot\u0105d w obozowych rewirach: m\u0119skim<\/span><span style=\"font-weight: 400;\"> i kobiecym. \u00a0 Wi\u0119\u017ani\u00f3w dowo\u017cono kolejk\u0105 w\u0105skotorow\u0105 z przystanku kolejowego Ob\u00f3z le\u015bny Stutthof do przystani nad Wis\u0142\u0105 w Mikoszowie, drug\u0105 grup\u0119 prowadzono do tego miejsca z obozu pieszo brzegiem pla\u017cy. Aby unikn\u0105\u0107 bombardowania przez lotnictwo radzieckie, esesmani przy pomocy \u0142odzi desantowych przewozili wi\u0119\u017ani\u00f3w w nocy przez Zatok\u0119 Gda\u0144sk\u0105 na Hel. Przysta\u0144 w Mikoszewie opu\u015bci\u0142a te\u017c za\u0142adowana wi\u0119\u017aniami barka desantowa nazwana przez wi\u0119\u017ani\u00f3w \u201eKwarantannow\u0105\u201d z powodu za\u0142adowania na ni\u0105 chorych na tyfus plamisty i wi\u0119\u017aniarskiego personelu medycznego.<\/span><\/p><p><span style=\"font-weight: 400;\">\u00a0Ostatni transport 1060 wi\u0119\u017ani\u00f3w, kt\u00f3ry esesmani wyprowadzili z obozu KL Stutthof 27 kwietnia 1945 r., zosta\u0142 za\u0142adowany nast\u0119pnego dnia wieczorem na przystani w Mikoszewie na bark\u0119 \u201eRuth\u201d. Rejs przez Zatok\u0119 Gda\u0144sk\u0105 na Hel odby\u0142 si\u0119 w nocy, z Helu 29 kwietnia w godzinach wieczornych barka\u00a0 wyp\u0142yn\u0119\u0142a w kierunku Lubeki w konwoju innych statk\u00f3w niemieckich.<\/span><\/p>\t\t\t\t\t\t\t\t<\/div>\n\t\t\t\t\t<\/div>\n\t\t\t\t<\/div>\n\t\t\t\t<\/div>\n\t\t","protected":false},"excerpt":{"rendered":"<p>MIKOSZEWO Po wyprowadzeniu z obozu g\u0142\u00f3wnego KL Stutthof ok. 11 000 wi\u0119\u017ani\u00f3w: m\u0119\u017cczyzn i kobiet w dniach 25 i 26 stycznia 1945 r., kt\u00f3rych ewakuowano pieszo w kierunku L\u0119borka, wiosn\u0105 1945 roku w obozie przebywaj\u0105 jeszcze wi\u0119\u017aniowie w liczbie 4,5 tys os\u00f3b.\u00a0 Pe\u0142ni\u0105cy obowi\u0105zki komendanta SS-Hauptsturmf\u00fchrer Paul Ehle zorganizowa\u0142 ewakuacj\u0119 pozosta\u0142ych przy \u017cyciu wi\u0119\u017ani\u00f3w w dniach 25 i 27 kwietnia 1945 r.\u00a0 Na miejsce tranzytu wyznaczaj\u0105 polan\u0119 w Mikoszewie (niemieckie Nickelswalde).\u00a0 25 kwietnia do Mikoszewa przybywa pierwsza grupa wi\u0119\u017ani\u00f3w, 27 kwietnia kolejna, tego dnia do Mikoszewa przetransportowano r\u00f3wnie\u017c grup\u0119 1060 chorych r\u00f3\u017cnej narodowo\u015bci. Na polanie pijani esesmani rozstrzelali kilkadziesi\u0105t\u00a0\u2013 wed\u0142ug relacji \u015bwiadk\u00f3w ok. 70\u00a0\u2013os\u0142abionych os\u00f3b. Wiadomo te\u017c, \u017ce w tym dniu Niemcy zastrzelili w leju po bombie ok. 40 \u017cydowskich kobiet). Pierwszy transport sk\u0142ada\u0142 si\u0119\u00a0 z ok. 3 300 wi\u0119\u017ani\u00f3w r\u00f3\u017cnych narodowo\u015bci: m\u0119\u017cczyzn, kobiet, niepe\u0142noletnich i 30 niemowl\u0105t\u00a0 z matkami, drugi z 1060 wi\u0119\u017ani\u00f3w, w wi\u0119kszo\u015bci chorych na tyfus plamisty i inne schorzenia przebywaj\u0105cych dot\u0105d w obozowych rewirach: m\u0119skim i kobiecym. \u00a0 Wi\u0119\u017ani\u00f3w dowo\u017cono kolejk\u0105 w\u0105skotorow\u0105 z przystanku kolejowego Ob\u00f3z le\u015bny Stutthof do przystani nad Wis\u0142\u0105 w Mikoszowie, drug\u0105 grup\u0119 prowadzono do tego miejsca z obozu pieszo brzegiem pla\u017cy. Aby unikn\u0105\u0107 bombardowania przez lotnictwo radzieckie, esesmani przy pomocy \u0142odzi desantowych przewozili wi\u0119\u017ani\u00f3w w nocy przez Zatok\u0119 Gda\u0144sk\u0105 na Hel. Przysta\u0144 w Mikoszewie opu\u015bci\u0142a te\u017c za\u0142adowana wi\u0119\u017aniami barka desantowa nazwana przez wi\u0119\u017ani\u00f3w \u201eKwarantannow\u0105\u201d z powodu za\u0142adowania na ni\u0105 chorych na tyfus plamisty i wi\u0119\u017aniarskiego personelu medycznego. \u00a0Ostatni transport 1060 wi\u0119\u017ani\u00f3w, kt\u00f3ry esesmani wyprowadzili z obozu KL Stutthof 27 kwietnia 1945 r., zosta\u0142 za\u0142adowany nast\u0119pnego dnia wieczorem na przystani w Mikoszewie na bark\u0119 \u201eRuth\u201d. Rejs przez Zatok\u0119 Gda\u0144sk\u0105 na Hel odby\u0142 si\u0119 w nocy, z Helu 29 kwietnia w godzinach wieczornych barka\u00a0 wyp\u0142yn\u0119\u0142a w kierunku Lubeki w konwoju innych statk\u00f3w niemieckich.<\/p>\n","protected":false},"author":1,"featured_media":0,"parent":0,"menu_order":0,"comment_status":"closed","ping_status":"closed","template":"elementor_canvas","meta":{"ngg_post_thumbnail":0,"footnotes":""},"class_list":["post-1934","page","type-page","status-publish","hentry"],"_links":{"self":[{"href":"https:\/\/rejsysmierci1945.eu\/index.php\/wp-json\/wp\/v2\/pages\/1934","targetHints":{"allow":["GET"]}}],"collection":[{"href":"https:\/\/rejsysmierci1945.eu\/index.php\/wp-json\/wp\/v2\/pages"}],"about":[{"href":"https:\/\/rejsysmierci1945.eu\/index.php\/wp-json\/wp\/v2\/types\/page"}],"author":[{"embeddable":true,"href":"https:\/\/rejsysmierci1945.eu\/index.php\/wp-json\/wp\/v2\/users\/1"}],"replies":[{"embeddable":true,"href":"https:\/\/rejsysmierci1945.eu\/index.php\/wp-json\/wp\/v2\/comments?post=1934"}],"version-history":[{"count":7,"href":"https:\/\/rejsysmierci1945.eu\/index.php\/wp-json\/wp\/v2\/pages\/1934\/revisions"}],"predecessor-version":[{"id":1941,"href":"https:\/\/rejsysmierci1945.eu\/index.php\/wp-json\/wp\/v2\/pages\/1934\/revisions\/1941"}],"wp:attachment":[{"href":"https:\/\/rejsysmierci1945.eu\/index.php\/wp-json\/wp\/v2\/media?parent=1934"}],"curies":[{"name":"wp","href":"https:\/\/api.w.org\/{rel}","templated":true}]}}